 51) - 107
-1
What is 23 + (2 - 30) + -13 - 60?
-78
Evaluate 1 + ((0 - 2) + 4 + (-287 - -312) - 8).
20
Evaluate -21 - (4 - 5 - -13).
-33
Evaluate (-215 - -203) + -4 + 0 + 49 + 1.
34
Evaluate (-1 - 17 - (814 - 849)) + (0 - -81).
98
Evaluate (10 - (2 - 3)) + (-5 - -25 - 14 - 15).
2
What is (1 + -3 - (-38 - (-8 + -47))) + 90?
71
What is -105 + -43 + 122 + 107?
81
What is the value of (0 - 21) + 52 - (0 + -2 - 11)?
44
Evaluate -87 - (69 + -23 + -11 + -4).
-118
Calculate (-3 - (-6 + -10) - 20) + 45 - 9.
29
What is the value of -4 + (31 - (-6 + (-3 - -3) - 13))?
46
What is (3 + -6 - 33) + (-37 - -3 - -38)?
-32
What is (-1 + 2 - 1 - -45) + (-6 - -14) + -5?
48
What is the value of -118 + (169 - 81) + -7 + 0?
-37
What is the value of -2 + -3 - (41 + -10 - (11 - (-4 + 6)))?
-27
What is 12 - (6 + 1 - (54 + -47)) - (67 + -24)?
-31
Calculate 5992 + -5967 - (1 - 2 - -12).
14
Calculate 17 + (-35 - (41 + -58)).
-1
What is 38 - ((59 - -15) + -16)?
-20
What is 5 + 9 + (23 - 24) + -68?
-55
What is the value of -83 + (-18 - (1 - (32 + (-23 - -4))))?
-89
Calculate 230 + -142 + -5 + -36.
47
Calculate 2 + 3 - 0 - (-40 + 35) - -86.
96
Evaluate 163 + (-34 - -37 - 89).
77
Evaluate 94 + -238 + 156 + -66.
-54
-297 + 486 + -293 + 6 + (-1 - -1)
-98
Calculate (44 - (19 + -41)) + -32.
34
0 + -15 - (79 - (-53 - -98))
-49
21 - (-3 - -55 - (-19 + 16))
-34
Calculate (14 + -28 - -4) + (-1 - 0) - (272 + -272).
-11
(-3 - (-59 + (5 + -2 - (0 - 4)))) + 0
49
What is the value of 3 + -34 + (231 - 224) - (9 - 0)?
-33
30 - (13 + -44 + -30 + -33)
124
What is (-6 - -12) + -9 + 13 + (-1 - -4 - 2)?
11
8 - (2 - 3) - (-36 + 32 + -20)
33
Evaluate (38 - (43 + 26)) + (-37 - 6).
-74
(-6 - -2) + -2 - (37 + -115 - 13)
85
Calculate (-169 - -134) + (7 - (6 + -3)) + -13.
-44
-3 - -2 - (-92 + 41 + 67)
-17
Calculate 70 + -45 - (-23 - -26 - -118).
-96
Evaluate 587 + -550 + (8 - 13 - 78).
-46
What is 38 + -1 + 0 - (-90 + 25 + 76)?
26
Calculate -51 - -149 - -3 - 92.
9
Calculate 1 + -12 - (-193 - -160).
22
Calculate (-18 - -46) + -62 - 8.
-42
What is 20 + (-23 - 34 - 11 - -20)?
-28
Calculate -6 + (2 + 8 - 15 - -10) + 74.
73
-20 + (-10 - -26) + -25 + 52
23
What is the value of (0 - 18) + (-8 - ((-2 - -10) + -4)) + 15?
-15
Calculate (-16 - (-28 + 22 - 16)) + 1 + 43 + -10.
40
Evaluate (-1 + -2 - -8) + (41 - (-19 - (-55 + 17))).
27
What is the value of -59 + (-116 - -242 - -24)?
91
Calculate -31 + -12 + -113 + 158.
2
8 - (-2 + (13 - -29) + 1 + 3 + 8)
-44
Calculate 8 - 3 - 0 - (-38 - -9 - 18).
52
What is (-2 - -20) + (88 - 80 - 20)?
6
What is -1794 + 1793 + (5 - 1) - (-78 - 0 - 0)?
81
What is -1 + -23 - (-67 - (6 + -31))?
18
Calculate -103 + (-60 - -69) - -41.
-53
Evaluate 10 - (252 - 258 - (-7 + 0)).
9
-42 - -11 - -37 - (-5 - 31)
42
(-7 + -1 - (-135 + 107)) + (3 + 0 - -5)
28
What is -67 + 10 + 41 - -22?
6
What is the value of -5 + (-1 - (16 - 0)) + 8 + 4?
-10
What is the value of -38 + (51 - 27) + 33?
19
Calculate 47 + 3 - (-3 - -5) - (23 + 5 + -28).
48
What is -40 - (6 + -10 + -7 - (0 + -4) - -10)?
-43
Calculate 31 - (21 + 19) - 22 - -59.
28
What is the value of -46 + -7 + (43 - -27)?
17
Evaluate (-5 - (-36 - -15)) + 49.
65
What is the value of -150 - (25 + -52 - 11 - -17) - -14?
-115
Evaluate (0 - 0 - 2) + (1547 - 1538) - (-25 - 89).
121
Evaluate (-712 - -496) + (127 - -5).
-84
What is 1 + 4 + (-251 - -116) + 12?
-118
Calculate -10 + (32 - -14) - 15.
21
16 - 0 - (223 - 130) - -18
-59
Calculate (28 - (-2 - 4)) + 957 + -918.
73
What is -1 + 8 - (7 + -10) - (8 + (32 - 44))?
14
What is the value of (54 - (59 + -43)) + (1 - (8 - 1)) - 2?
30
What is -22 + 13 - (-16 - (-5 + 8)) - -3?
13
What is the value of 13 - (-18 + 13 + -8 + 30 - 130)?
126
Evaluate 59 + -114 + (122 - 73).
-6
9 + (-1 + -6 - -4) + -4 - (54 + 0)
-52
(5 - -44) + (980 - 969)
60
What is the value of -22 - (52 + -77 + 33)?
-30
Calculate 57 + (-63 - -14) + -65.
-57
-5 + -9 - (13 + -2 + (-117 - 2) + 12)
82
What is the value of (-2403 - -2459) + (20 - 5 - 1)?
70
28 + 15 + 25 + -16
52
Calculate (0 - (-2 - -12)) + 4 - (10 - (-2 - 4)).
-22
(0 - 4) + (-11 + -5 - (-41 - -27))
-6
What is the value of -11 - (1 + 0 + -11 - ((40 - -107) + -80))?
66
What is the value of (-18 - ((15 - 7 - -4) + -38)) + (1 - 7)?
2
Calculate -14 + 2 - (-11 + 3 + -44 + 5).
35
What is 10 + (0 + -15 - (36 + (49 - (-4 - -32))))?
-62
-91 - 9 - (-156 + 95)
-39
36 + (38 - (2 - -32)) + -89
-49
What is the value of -14 - -9 - 105 - (-358 - -376)?
-128
Evaluate (7 - -75) + -12 + -10 + (-8 - (-41 - -11)).
82
Evaluate -1 + (-7 - 1 - (151 - 154)).
-6
-118 - (-44 - (6 - 45))
-113
Calculate 5740 + -5668 - (-9 - (0 - 0 - 1)).
80
What is 117 - (-281 + 285 - (8 - 0 - 23))?
98
(-47 - -32) + 77 + -17
45
21 - ((-2 - -20) + 33) - -100
70
-1 + 4 - -29 - (1965 - 1922)
-11
Evaluate 28715 + -28680 - (1 + -62 + -1).
97
Evaluate 19 - ((-9 - -3) + -19 + -3).
47
Calculate 27 - (-94 + 54 - -55).
12
What is the value of 78 + (-11 + 1 - (85 + -63))?
46
What is (-23 - (51 + -74)) + 21?
21
Evaluate 56 - 54 - (8 + -4 - 2 - (2 - 73)).
-71
2 - (13 - 2) - -12 - 40
-37
What is the value of -37 - (10 - -1) - (2 - (6 - 9))?
-53
(5 - 10 - -14) + -21 + 7 - -48
43
What is the value of ((1 - 20) + -205 + 216 - -56) + 3 + -9?
42
-3 + (1 - -23 - (-82 - -87)) + 0 + 10
26
Evaluate (-4 + 15 + -2 - 8) + -11 - -54.
44
What is -47 - (52 - (25 - -19) - (2 - -1))?
-52
What is the value of 72 + (158 - 109) + -66?
55
Evaluate (2 - -157) + 1 + 7 + -51.
116
What is the value of (-120 - ((-37 - 7) + 72)) + 11 + 1?
-136
What is (-22 - 37) + -4 + 41?
-22
What is the value of -6 + 16 + (-10 - 1) - -9 - 19?
-11
-25 - ((-9 - 7) + 33 - 136)
94
What is 8 + -3 + ((-4 - 70) + 10 + 11 - -11)?
-37
What is 55 + (5 - -55) + -55?
60
Calculate (8 + (2 - -2 - 5) - (33 + -24)) + 81.
79
What is -3 + -1 + 0 - ((-51 - -31) + 6)?
10
What is the value of -64 + 50 + -5 - -17?
-2
What is (-3396 - -3395) + -19 + -1?
-21
Evaluate (14 - 11) + -4 - ((0 + -9 - -8) + -7).
7
What is the value of -162 - -181 - (-15 + 14)?
20
Calculate 2 - (12 + (-11 - (-3 + 3))).
1
Calculate -30 - ((-10 - -22) + (-14 - -1)).
-29
What is 63 - (4 + -25 + 41)?
43
Evaluate 4 + (-1 + -11 + (-78 - -87) - -8).
9
What is -22 + 12 + -1 + (3 - -1) - (470 + -586)?
109
What is the value of -5 + -40 + -2 - (4 + (-2 - -6) + 1)?
-56
What is the value of 39 + (-17 - -14) + -15 + -4?
17
Evaluate 54 + -3 - 44 - -23.
30
14149 - 14176 - (-1 + -1 - (3 - 14))
-36
Calculate -16 + 19 + 10 + -62 + 2 + 3.
-44
153 + -190 - (-12 - (-50 + -1))
-76
Evaluate (-4 + 17 + -27 - 15) + 14 - 2.
-17
Evaluate 145 + -242 + 154 + -114.
-57
What is -30 + 3 - -2 - -1 - (1005 + -997)?
-32
76 + (2 - 2) + 4 - (19 + -39)
100
10 - (38 - (0 - 12)) - (3 + 0 + 2)
-45
Evaluate -101 + 123 - (5 + -10) - -33.
60
What is the value of -72 + 139 + -197 + 120?
-10
What is the value of (-43 - (-19 - (-34 - 22))) + -2?
-82
Calculate -1121 - -999 - (-134 - 1).
13
What is 13 + (-80 - -51) - -77?
61
What is the value of -84 + (18 - 40) + 76?
-30
Evaluate (56 - 25) + -73 + (-15 - -50).
-7
(-10 - (-3 + -11)) + -1 + -17 + 50 + -69
-33
-5396 + 5435 - (-32 + 2)
69
Calculate 13 - -16 - -2 - 57.
-26
What is (-25 - 8) + 30 + 40 + -37?
0
6 - ((38 - 21) + -4) - -11
4
Calculate -5 - -46 - (86 + -46).
1
Evaluate 82 - 0 - (14 + 52).
16
Evaluate (0 - 13) + -2 + (1 + 16 - (1 + -61)).
62
What is the value of 1 - -30 - (24 - 1 - (-96 - 40 - -164))?
36
Calculate 35 + (-25 - ((-6 - -27 - 16) + -18)).
23
Evaluate 99 + -101 + 42 - (18 + -1).
23
What is (-109 - -6) + -9 - (74 + -93)?
-93
Calculate 16 - 2 - (683 - 612).
-57
What is 7 + (-4 + -9 - (-37 + 26) - 12)?
-7
What is (-29 - -22) + -49 + 71?
15
Calculate (-12 - (8 - (7 - (-4 + 1)))) + -7.
-17
93 + -70 + -14 + -8
1
(6 + -3 + -12 - -9) + 2 - (-10 - -28)
-16
What is the value of (-3 + 3 - (103 - 89)) + (-1 - (-2 - 8))?
-5
-6 + 3 + 4 + -10 - (10 + (24 - 21))
-22
-13 - (-6 + (-35 - -21)) - 18
-11
What is -2 + -6 - (-510 + 447)?
55
What is 37 + (-156 + 9 - (-121 + 93))?
-82
What is the value of (10 + -10 - -2 - -4 - 16) + 3 + 10?
3
What is the value of -33 + (-12 - ((-11 - -6) + 5 - 3)) + 5?
-37
-22 + 69 + -26 - 46
-25
-1 + (-33 + 47 - 38) + -18
-43
Evaluate 10 - (3 + -11 + (-2 + -3 - (-42 + -25))).
-44
Evaluate -4 + (-5 + 34 + 7 + 3 - (8 + -9)).
36
Calculate 150 + -134 - (49 + -6).
-27
Evaluate (-40 + -7 - -6) + -4 + 31 +